+ 200. Let v = 281 - k. List the prime factors of v.
101
Let x(z) = -z**2 - 11*z - 19. Suppose 3*j = 5*j + 20. Let k be x(j). Let v = k + 38. List the prime factors of v.
29
List the prime factors of (-151938)/(-69)*22/6.
2, 11, 367
Suppose 4*y - 54291 = m, 0 = -2*y - 13*m + 8*m + 27173. List the prime factors of y.
2, 11, 617
Let h be (279/(-8))/(-9) + 5/40. Suppose 45*t - 46354 = -h*t. List the prime factors of t.
2, 11, 43
Let u(b) = -56*b**3 + b. Let v be 2/5*(-5)/(-2). Let z be u(v). Let q = z + 78. List the prime factors of q.
23
Let k(x) = -929*x - 18. Let c(a) = 466*a + 9. Let g(w) = 5*c(w) + 2*k(w). List the prime factors of g(1).
13, 37
List the prime factors of -1 + (-16 - -2) - -22613.
2, 11299
List the prime factors of 5*(-5622)/(-24)*(-16 - -20).
5, 937
Suppose -9*z = -5*z - 3*m - 28165, -m = -5. List the prime factors of z.
5, 1409
Let s(b) = -b**3 - 39*b**2 - 37*b + 40. Let l be s(-38). Suppose 4*x - 1135 = 19*a - 22*a, 5*x - 1424 = -l*a. List the prime factors of x.
2, 11, 13
Suppose -227*d = -208*d - 110086. What are the prime factors of d?
2, 2897
Suppose 2*h + 25 - 23 = 0, 2*h = -5*j + 65938. What are the prime factors of j?
2, 3, 7, 157
Suppose 3*y - 2*o = 12, 0*o = y - 2*o - 8. Let v be (12/(-8) + 2)/(y/(-136)). Let p = 82 + v. List the prime factors of p.
2, 3
Suppose 5*t = 4*a + 97350, 2*t - 10*a + 15*a - 38907 = 0. What are the prime factors of t?
2, 9733
What are the prime factors of (121584/(-85) + -18)/(12/(-390))?
3, 13, 17, 71
List the prime factors of 34853/8 + 5*15/200.
4357
Let h(t) = -9*t + 36. Let s be h(4). Suppose -3*p + u = -952, -3*p = -s*p - 5*u - 956. Suppose -p - 39 = -4*g. List the prime factors of g.
89
Suppose 2*w - 3*d - 9356 = 0, 0 = -411*d + 408*d + 18. List the prime factors of w.
43, 109
Suppose 26*j + 4*j = 9600. What are the prime factors of 39/(-2 - (-5)/j*134)?
2, 13
What are the prime factors of (0 - 4647)/(-1) + (-132)/33?
4643
Let z = 15650 + -8649. List the prime factors of z.
7001
Let d = 51759 - 25586. List the prime factors of d.
7, 3739
Suppose -l - 2*t + 4 = 3*l, 2*t = -4. Suppose -59*f - 604 = -60*f + 5*z, 3101 = 5*f + l*z. List the prime factors of f.
619
Suppose 7*i + 460 = -4*z + 3*i, -4*i + 8 = 0. Let h = -118 - z. What are the prime factors of ((-3)/12)/((-1)/(-12)*h)?
3
Suppose 3*w - 18 = -3*w. Suppose -5*h = w*z - 6 - 59, 13 = h - z. What are the prime factors of 125/2 - h/26?
2, 31
Let j(g) = -g**2 - 22*g + 3. Suppose 3*s = -3*v - 66, -4*s - 34 = 3*v - 9*s. Let i be j(v). List the prime factors of (2 - 3)/((-5)/i).
3, 5
Let y be 5/(-4) - (19 + (-558)/24). Let x = 1 + 1. Suppose x*n + 5 = y*n, n = 3*w - 259. What are the prime factors of w?
2, 11
What are the prime factors of (74650/30)/(((-24)/(-32))/((-27)/(-6)))?
2, 5, 1493
Suppose -1474 = s + z - 413, 5*z = -s - 1049. Let d = s + 1560. List the prime factors of d.
2, 31
Let x(o) = -691*o**3 - o**2 + 7*o + 10. What are the prime factors of x(-1)?
3, 7, 11
Let b = -31272 + 89780. List the prime factors of b.
2, 14627
Let i be 14/4*(-27)/189*2. Let p be 212/(-7) - (-4)/14. List the prime factors of p/((-5)/(i - -6)).
2, 3, 5
Suppose 451 - 485 = -17*j. Suppose -4*m = 1 - 21. Suppose j*h + 886 = m*t - h, -5*t - 2*h + 876 = 0. What are the prime factors of t?
2, 11
Let m(p) = -8*p**3 + 11*p**2 - 38*p - 50. List the prime factors of m(-12).
2, 7907
Suppose 12 = -3*c + 4*r + 16, 3 = -3*r. What are the prime factors of -2 + c + -6 + 138?
2, 5, 13
Let o(m) = -30*m + 53 + 4 + 26*m - 36*m. List the prime factors of o(-8).
13, 29
Suppose o = -3*o. Suppose 10*q - 94 = 96. Suppose -29*z + 28*z + q = o. What are the prime factors of z?
19
Suppose 6*o - 632 = -4*b + 2*o, 312 = 2*b + o. Let z be (-4)/(-14) + (-44)/b. Suppose -4*t = -5*m - 57, -t - t + m + 27 = z. List the prime factors of t.
13
Suppose -3*q + 5*h + 35135 = 0, 0 = 2*h - 27 + 29. List the prime factors of q.
2, 5, 1171
Let c(x) = -637*x + 9044. List the prime factors of c(-57).
7, 11, 19, 31
Let d(n) = -n**2 - 12*n - 23. Let i be d(-10). Let q be (-6)/(i/18*36/(-20)). Let v = q - -82. What are the prime factors of v?
2, 31
Suppose 6*c = -12 + 162. Let i(q) = 3*q - 73. Let x be i(c). Suppose 267 = x*f + 59. What are the prime factors of f?
2, 13
Suppose 6 = -5*d - 3*n, 0 = d - 3*d - 5*n + 9. What are the prime factors of 1/((-11825)/(-5900) + 1 + d)?
2, 59
Suppose -5*s + 4*d = -127, 2*s = -0*d + 4*d + 58. Suppose 0 = 7*l + 2 - s. Suppose 23 = z - o, z + l*z - 116 = -4*o. What are the prime factors of z?
2, 13
Let g(n) = 9*n - 23. Let z be g(3). Suppose -h + 157 = z*c, 3*h + 4*c - 515 = 3*c. List the prime factors of h.
173
Suppose -24*w + 29*w = 2575. Let h = 9 - 6. Suppose -2*l - 4*g + w = l, g = -h*l + 518. What are the prime factors of l?
173
List the prime factors of (78156/65)/3*(24 - (3 + -4)).
2, 3, 5, 167
Suppose 0*f + 2*f - 5*b - 17078 = 0, -4*f = 2*b - 34228. What are the prime factors of f?
2, 7, 13, 47
What are the prime factors of 2994/(-12)*(-146 - -60)?
43, 499
Let m be -1 - (-298)/(-5)*(10 - 5). Let n = m + 456. What are the prime factors of n?
157
Let u(v) = v**2 + 22*v + 17. Suppose 0 = 4*a + 2 + 2, 39 = -2*t + 3*a. Let o be u(t). Let y(d) = 7*d**2 + 2*d + 8. What are the prime factors of y(o)?
2, 7
Suppose -15 = 4*b - b. Let z be (-432)/b + (-15)/(-25). Let q = 204 - z. What are the prime factors of q?
3, 13
Let d(g) = g**3 + 11*g**2 - 20*g - 54. Let z be d(-12). List the prime factors of (-6915)/(-18) - 7/z.
2, 3
Suppose 0 = 6*q - 7*q + 53. Suppose 0 = -48*k + q*k - 2005. List the prime factors of k.
401
Suppose -207 + 9307 = 7*l. Suppose l - 187 = 3*h. What are the prime factors of h?
7, 53
Suppose -q + 7448 = -2*z, -7*q = -10*q - z + 22351. List the prime factors of q.
2, 5, 149
Suppose 0 = 23*n + 45*n - 474572. What are the prime factors of n?
7, 997
Suppose -11 = 5*c - 46. Suppose -c*k = 501 - 1852. Let q = k + -126. List the prime factors of q.
67
Let m(b) = -b**3 + 17*b**2 + 14*b + 25. Let p be m(12). Let w = -400 + p. What are the prime factors of w?
3, 19
List the prime factors of ((-746436)/255)/(6/(-15)).
2, 3659
Let z be ((-22)/77)/((-1)/14). Let c be (-3)/(-12) - (-9)/(-4) - 6. What are the prime factors of (c/(-10))/(z/40)?
2
Let z = 48 - -15. Let v = 217 + z. What are the prime factors of v?
2, 5, 7
Let x(t) = 45*t**3 - 3*t**2 - t - 2. Let w be x(2). Suppose 354*i - w*i = 2640. List the prime factors of i.
2, 3, 11
Let x = -10331 + 43861. List the prime factors of x.
2, 5, 7, 479
Suppose 27*f - 32220 = 78264. Suppose -9*l = -3*l - f. What are the prime factors of l?
2, 11, 31
Suppose -b + 330 = -4*b. Suppose 16*o + s = 12*o - 153, -4*s = -3*o - 91. Let f = o - b. List the prime factors of f.
73
Let w(b) = -b**3 + 5*b**2 - 4*b + 4. Let g be w(2). Let q(l) = 75 + g*l - 12 - 10*l. List the prime factors of q(22).
19
Let y(m) = m - 17. Let r(a) = -a + 8. Let c(o) = 9*r(o) + 4*y(o). Let h be c(-5). Let k = h - -30. List the prime factors of k.
59
Suppose -5*y + 3*y = 408. Let a(w) = w**2 - 20*w - 456. Let h be a(-11). Let f = h - y. List the prime factors of f.
89
Let q be (-3 - ((-2)/1 - 4)) + -12. Let d(b) = 0 + 2 - 4*b**2 + 3*b**2 + 7*b + 3*b**2. What are the prime factors of d(q)?
101
Let h(t) be the first derivative of t**6/360 - t**5/120 + 41*t**4/8 + 14*t**3/3 + 11. Let g(q) be the third derivative of h(q). List the prime factors of g(0).
3, 41
List the prime factors of 4533 + 8 + -20 + 6.
3, 503
Suppose 563177 = -61*s + 3792212. What are the prime factors of s?
3, 5, 3529
Let p = 447 + -45. Let z = p + -186. Let r = z - 37. List the prime factors of r.
179
Suppose 4*t = -4*y + 169 - 65, -3*t = -5*y - 94. Suppose 0*g + 5*n - t = g, -g + 7 = 2*n. What are the prime factors of -8*3/(-72) - 221/g?
2, 37
Let j(z) = z**2 - 5*z - 19. Let g = -42 - -51. Let i be j(g). Let v = i + 21. List the prime factors of v.
2, 19
Let q(g) = 27*g**2 + 20*g - 189. List the prime factors of q(-42).
3, 7, 317
Let x = -2065 - -2995. Suppose -p = -2*v + 7, -3*v + 14 = -3*p + 2. Suppose -v*t = 3*t - x. What are the prime factors of t?
5, 31
Suppose -l - 5*m + 5041 = 0, 4*l - 3528 = m + 16573. What are the prime factors of l?
2, 7, 359
Let z(v) be the second derivative of v**5/10 - v**4/3 - v**3/6 - 3*v**2/2 - 11*v. Let t be z(3). Let o = 30 + t. List the prim